r(3). Suppose -2*b + 5*g + 251 = 0, 3*b - x - 169 = g. Suppose 6*m = 297 + b. List the prime factors of m.
2, 5, 7
Let d(s) be the second derivative of 34*s**3/3 + 8*s**2 - 15*s. What are the prime factors of d(2)?
2, 19
Suppose 16 = 3*z - r, 8 = 2*z + 3*r - r. Suppose -2*h - 4*n = -5*n - 1028, -2592 = -z*h - 3*n. List the prime factors of h.
2, 3, 43
Let u(d) = d**2 - 7*d - 6. Let p be u(25). Suppose o - p = -129. What are the prime factors of o?
3, 5, 7
Let q = -559 - -567. Suppose -q*g + 6225 = 385. List the prime factors of g.
2, 5, 73
Suppose -3*g - 2 = -8. Suppose -g*s - 4*k + 38 = 0, 4*s - 5*s - 3*k + 24 = 0. Suppose 3*r - y = 166, -r - y + 41 = -s. What are the prime factors of r?
2, 3
Let c(j) be the second derivative of 5*j**2 - 11*j + 3/2*j**3 + 0. What are the prime factors of c(12)?
2, 59
Let s(w) = -32*w**3 + w**2 + 16*w + 1. Let v be s(-5). Suppose -v - 2164 = -5*n. What are the prime factors of n?
2, 13, 47
Suppose 0 = -6*v + 2*v - 212. Let b = 60 + v. List the prime factors of (-22)/(-77) + 19/b.
3
Suppose -x - x = -130. Let d = x + -67. What are the prime factors of 39*((-15)/9 - d)?
13
Let c = -137 - -151. Let s(z) = -4*z**3 + 9*z - 15*z**2 + 5*z**3 - z + 7*z. List the prime factors of s(c).
2, 7
Let z(t) = 11*t + 20*t - 6*t + 5*t + 99. What are the prime factors of z(5)?
3, 83
Suppose 0 = -4*n, -5*o - 1 = 3*n + 4. Let r(q) = -221*q**3 + q**2. Let w be r(o). What are the prime factors of 1 - w/(-3 + 0)?
3, 5
Let g = -3887 - -4285. List the prime factors of g.
2, 199
Suppose 133 - 203 = -14*s. Suppose j = -o + 302, -5*o + 286 = s*j - 4*j. List the prime factors of j.
2, 3, 17
Suppose 0 = -w - 2*z + 3803, -2*z = 3*w + 2*z - 11399. Let r = w + -2587. List the prime factors of r.
2, 3, 67
Let y = 10612 + -5518. What are the prime factors of y?
2, 3, 283
Let c(p) = p + 13. Suppose -8*j = 7*j - 3*j. List the prime factors of c(j).
13
Suppose 3*i + 194 = 5*t, -2*i = t + 1 - 32. Suppose 0 = t*z - 35*z - 160. What are the prime factors of z?
2, 5
Let j be 40 - (-10 - -8 - -8). Let c = -8 + -5. Let d = j + c. List the prime factors of d.
3, 7
Suppose 169*u - 158*u = 139634. List the prime factors of u.
2, 11, 577
Suppose -14*m + 2*p = -13*m + 1240, 5*p + 15 = 0. Let b = -889 - m. List the prime factors of b.
3, 7, 17
Suppose -24*g + 70 = 2*s - 19*g, s - 38 = -4*g. Suppose s*n - 4916 = -1646. List the prime factors of n.
109
What are the prime factors of ((-17268)/5)/((212/40)/(-53))?
2, 3, 1439
List the prime factors of 48274/8 + 663/884.
5, 17, 71
Let o = -672 + 721. Suppose -45*v = -o*v + 6700. What are the prime factors of v?
5, 67
Suppose 2*u + 3653 - 25548 = f, -10952 = -u - 4*f. What are the prime factors of u?
2, 7, 17, 23
Let v = 72 + -62. Suppose -3*a = v*a - 6*a. Suppose a = -q + 64 + 121. List the prime factors of q.
5, 37
Let j(w) = w - 12. Let r be j(8). Let n be -4 + 3 + r + 16/4. List the prime factors of (0 - n)*0 + -1 + 76.
3, 5
Suppose -4*f - 1956 = 4*k, -2*f + 6*f + 5*k + 1957 = 0. Let a = f - -821. Suppose 3*y = a - 48. What are the prime factors of y?
5, 19
Suppose -14*g - g = -124272 - 149568. List the prime factors of g.
2, 7, 163
Let c(v) = -110*v + 19. Let p(y) = -110*y + 19. Let f(d) = -5*c(d) + 4*p(d). What are the prime factors of f(3)?
311
Suppose 90*j + 49 = 83*j. Let s = -14 - -21. What are the prime factors of 1*65 + j/s?
2
Suppose -11*b - 3*j + 24 = -10*b, 3*b = 5*j + 72. What are the prime factors of ((-109)/2 - 1)*(b + -38)?
3, 7, 37
Let o be (82656/35)/9 - (-3)/5. Let x = o + 306. What are the prime factors of x?
569
Let f = -62 + 64. Suppose f = u - 3*b, 7*u - 10 = 2*u - 5*b. Suppose -5*z = u*n - 0*n - 57, 3*z + n = 34. What are the prime factors of z?
11
Suppose 8*c - c = 35. Suppose -5*p + 807 = 3*o - 2453, -c*p + 4*o + 3260 = 0. List the prime factors of p.
2, 163
Suppose z = 9 + 20. Let i = 4882 + -4753. Let b = i - z. What are the prime factors of b?
2, 5
Suppose 4*k + 12 = 0, 13*p - 8*p + 3*k = 16. Suppose -4*z + 90 + 1098 = 0. Suppose p*d + 300 = 5*o - 0*o, -5*o + 2*d + z = 0. What are the prime factors of o?
59
Let w be 36/(-30)*(-30)/(-9). Suppose -56 = 9*o - 11. List the prime factors of ((-8)/o)/(w/(-120)).
2, 3
Let y be (2/(-2))/(4 - 586/146). Let a = y - 79. List the prime factors of (-68)/(-1) - (4 + a).
2, 5, 7
Let r(b) = -2*b**2 - 96*b - 5. Suppose -125 - 199 = 9*g. List the prime factors of r(g).
859
Let a = -360 + 362. List the prime factors of a/(-6) - (2792/(-6) + 7).
2, 229
Suppose 0 = -5*v - 2*c - 5644, 2*v - 4*c + 434 = -1814. List the prime factors of v*((-76)/12 - -6).
2, 47
Let l be ((-3)/1)/(-3 + 4). Let b(z) = z + 3. Let p be b(l). Suppose -2*y = -p*y - 106. List the prime factors of y.
53
Let i = 32915 + -12933. What are the prime factors of i?
2, 97, 103
Suppose 3*f - y = 4*f + 3, -3*f = -5*y - 31. Let q be f/4 + 5/10. Let i = 41 - q. List the prime factors of i.
2, 5
Suppose -d = -4*i + 391, -623 = -4*i - 4*d - 227. Let f = 479 - i. List the prime factors of f.
3, 127
Let b(c) = -c**3 + 18*c**2 - 26*c. Let t be b(17). Let l = t + 543. What are the prime factors of l?
2, 3, 5, 13
Let r(x) = 8*x**2 - x - 149. Suppose -12*j + 330 = -34*j. What are the prime factors of r(j)?
2, 7, 17
List the prime factors of (55 + -61 + 51)/(692/(-694) - -1).
3, 5, 347
Let j = 67094 - 33176. Suppose 30*w - j = -8808. What are the prime factors of w?
3, 31
Suppose 1198 = 4*g + j, 4*g - 2*g - 608 = -5*j. Suppose -6*i - 89 = -g. Suppose -3*n = i - 446. What are the prime factors of n?
137
Suppose g - 5 = -w, 2*w = 3*g - 3*w - 7. Let x(q) = 2*q**2 + 3*q - q - 5*q - 9. What are the prime factors of x(g)?
11
Let v(q) = -25815*q - 1541. What are the prime factors of v(-2)?
13, 3853
Let y(s) = -s**3 + 24*s**2 - 23*s + 22. Let b be y(23). Suppose o - b + 27 = 0, -5*r + 3*o + 4795 = 0. What are the prime factors of r?
2, 239
Suppose 0 = 64*q + 242480 - 972016. What are the prime factors of q?
11399
Let x(d) be the first derivative of d**2 + 16*d + 23. Let m be x(-6). What are the prime factors of m/(2/(-49)*-1)?
2, 7
Let r = -364 - -621. Suppose 5*p - r = 6*z - 3*z, -3*z - 153 = -3*p. List the prime factors of p.
2, 13
Let d(n) be the third derivative of n**4/3 - 19*n**3/6 + 8*n**2. Let y be d(3). Suppose -2*t + 572 = 4*w + 170, -y*t + 387 = 4*w. List the prime factors of w.
103
Let x be (-34)/170 - (1 + 28/10). Let g be (9/(-3))/(4/x). Suppose h - 234 = -2*i, -3*i + 586 = 2*i + g*h. List the prime factors of i.
2, 29
Let h = -3331 - -22777. List the prime factors of h.
2, 3, 7, 463
Suppose 0 = 4*d - 5*d. Suppose 2*a - 7*q + 5*q = 890, q = 5*a - 2217. Suppose -5*f + a = -d*w + 3*w, -w = -4*f + 368. List the prime factors of f.
7, 13
Let y(j) be the first derivative of 190*j**3/3 + 4*j**2 + 8*j - 59. List the prime factors of y(-1).
2, 5, 19
List the prime factors of ((-11060)/8 + (-15)/(-6))*(-336)/10.
2, 3, 7, 23
Suppose 19*c + 481599 = 60*c + 107884. List the prime factors of c.
5, 1823
Let t(d) = 87*d + 2. Let a be t(-1). Let s = a + 148. Let j = s - 0. List the prime factors of j.
3, 7
Let s = 226 - 224. Suppose -s*x + 801 = -5*q - 317, q + 2 = 0. List the prime factors of x.
2, 277
Suppose 0 = -2*z + 3*l + 22768, 8*l - 6*l - 45552 = -4*z. What are the prime factors of z?
59, 193
Let s(y) = -5*y - 146. Let d be s(-30). Suppose 2*p + 3*p = -d*g + 270, 25 = 5*g. What are the prime factors of p?
2, 5
Suppose -45 = -5*r + 4*j, 0 = 12*r - 10*r + 2*j. Suppose b - 473 = -4*k, 91 + 2362 = r*b - 2*k. List the prime factors of b.
3, 163
Suppose -18706 = -9*m - 4000. Let b be m/18 + 6/27. Let h = 14 + b. List the prime factors of h.
3, 5, 7
Suppose 0 = -a + 2*q + 1329, 1008*a - 5342 = 1004*a - 5*q. What are the prime factors of a?
31, 43
Let w = -52 + 54. Let o(d) = -3 - 12*d**2 + 1 + 31*d**2. What are the prime factors of o(w)?
2, 37
Suppose -3*s - s + h = -5, 2*h = -3*s + 12. Let c be s/(-4) - (3 + 7/(-2)). Suppose -2*j + 28 + 284 = c. What are the prime factors of j?
2, 3, 13
Suppose 5*y - r - 367 = 0, 5*r = -3*y + 4*r + 217. Let q = y + -66. Suppose 3*w = q*w + c - 939, w - 5*c = 261. List the prime factors of w.
2, 59
Let s be (1 - 0) + (4 - 48). Let y = 65 + s. Suppose 6*i - 64 = -y. What are the prime factors of i?
7
Let f be (-76)/57 + (-1486)/6. Let o = f - -722. What are the prime factors 